{"id":693,"date":"2024-05-14T10:35:26","date_gmt":"2024-05-14T08:35:26","guid":{"rendered":"https:\/\/www.areaindustrialaltetontinyent.com\/pagina-poligon\/"},"modified":"2024-10-24T10:16:02","modified_gmt":"2024-10-24T08:16:02","slug":"pagina-poligon","status":"publish","type":"page","link":"https:\/\/www.areaindustrialaltetontinyent.com\/val\/pagina-poligon\/","title":{"rendered":"P\u00e0gina pol\u00edgon"},"content":{"rendered":"\t\t<div data-elementor-type=\"wp-page\" data-elementor-id=\"693\" class=\"elementor elementor-693 elementor-2\" data-elementor-post-type=\"page\">\n\t\t\t\t<div class=\"elementor-element elementor-element-f5d3ba9 e-flex e-con-boxed e-con e-parent\" data-id=\"f5d3ba9\" data-element_type=\"container\">\n\t\t\t\t\t<div class=\"e-con-inner\">\n\t\t\t\t<div class=\"elementor-element elementor-element-a958d11 elementor-arrows-position-inside elementor-pagination-position-outside elementor-widget elementor-widget-gaind_poligon_home_images\" data-id=\"a958d11\" data-element_type=\"widget\" data-settings=\"{&quot;slides_to_show&quot;:&quot;1&quot;,&quot;navigation&quot;:&quot;both&quot;,&quot;autoplay&quot;:&quot;yes&quot;,&quot;pause_on_hover&quot;:&quot;yes&quot;,&quot;pause_on_interaction&quot;:&quot;yes&quot;,&quot;autoplay_speed&quot;:5000,&quot;infinite&quot;:&quot;yes&quot;,&quot;effect&quot;:&quot;slide&quot;,&quot;speed&quot;:500}\" data-widget_type=\"gaind_poligon_home_images.default\">\n\t\t\t\t<div class=\"elementor-widget-container\">\n\t\t\t\r\n        <div class=\"elementor-image-carousel-wrapper swiper\" dir=\"ltr\">\r\n            <div class=\"elementor-image-carousel swiper-wrapper swiper-image-stretch\" aria-live=\"off\">\r\n                                <div class=\"swiper-slide\" role=\"group\" aria-roledescription=\"slide\" aria-label=\"1 of 9\"><figure class=\"swiper-slide-inner\"><img decoding=\"async\" class=\"swiper-slide-image\" src=\"https:\/\/www.areaindustrialaltetontinyent.com\/wp-content\/plugins\/gaind\/public\/images\/3e732066-7852-4570-8374-0b25866d3695.png\" alt=\"\u00c1REA INDUSTRIAL L&#039;ALTET\" \/><\/figure><\/div><div class=\"swiper-slide\" role=\"group\" aria-roledescription=\"slide\" aria-label=\"2 of 9\"><figure class=\"swiper-slide-inner\"><img decoding=\"async\" class=\"swiper-slide-image\" src=\"https:\/\/www.areaindustrialaltetontinyent.com\/wp-content\/plugins\/gaind\/public\/images\/3bdc80ee-ecda-46f6-8aa2-c1495b1511a3.png\" alt=\"\u00c1REA INDUSTRIAL L&#039;ALTET\" \/><\/figure><\/div><div class=\"swiper-slide\" role=\"group\" aria-roledescription=\"slide\" aria-label=\"3 of 9\"><figure class=\"swiper-slide-inner\"><img decoding=\"async\" class=\"swiper-slide-image\" src=\"https:\/\/www.areaindustrialaltetontinyent.com\/wp-content\/plugins\/gaind\/public\/images\/e6338370-7fca-4d2e-9954-18ad1283993b.png\" alt=\"\u00c1REA INDUSTRIAL L&#039;ALTET\" \/><\/figure><\/div><div class=\"swiper-slide\" role=\"group\" aria-roledescription=\"slide\" aria-label=\"4 of 9\"><figure class=\"swiper-slide-inner\"><img decoding=\"async\" class=\"swiper-slide-image\" src=\"https:\/\/www.areaindustrialaltetontinyent.com\/wp-content\/plugins\/gaind\/public\/images\/710f29b2-a827-43c5-974d-2ab9631cdcb5.png\" alt=\"\u00c1REA INDUSTRIAL L&#039;ALTET\" \/><\/figure><\/div><div class=\"swiper-slide\" role=\"group\" aria-roledescription=\"slide\" aria-label=\"5 of 9\"><figure class=\"swiper-slide-inner\"><img decoding=\"async\" class=\"swiper-slide-image\" src=\"https:\/\/www.areaindustrialaltetontinyent.com\/wp-content\/plugins\/gaind\/public\/images\/9ecfe9cd-fa2a-4fb1-9e8d-8f7a7971fd0e.png\" alt=\"\u00c1REA INDUSTRIAL L&#039;ALTET\" \/><\/figure><\/div><div class=\"swiper-slide\" role=\"group\" aria-roledescription=\"slide\" aria-label=\"6 of 9\"><figure class=\"swiper-slide-inner\"><img decoding=\"async\" class=\"swiper-slide-image\" src=\"https:\/\/www.areaindustrialaltetontinyent.com\/wp-content\/plugins\/gaind\/public\/images\/cd047e12-225d-475a-babd-f24ab75221c9.png\" alt=\"\u00c1REA INDUSTRIAL L&#039;ALTET\" \/><\/figure><\/div><div class=\"swiper-slide\" role=\"group\" aria-roledescription=\"slide\" aria-label=\"7 of 9\"><figure class=\"swiper-slide-inner\"><img decoding=\"async\" class=\"swiper-slide-image\" src=\"https:\/\/www.areaindustrialaltetontinyent.com\/wp-content\/plugins\/gaind\/public\/images\/bc824c9f-33ab-4a49-a43b-590993d908b8.png\" alt=\"\u00c1REA INDUSTRIAL L&#039;ALTET\" \/><\/figure><\/div><div class=\"swiper-slide\" role=\"group\" aria-roledescription=\"slide\" aria-label=\"8 of 9\"><figure class=\"swiper-slide-inner\"><img decoding=\"async\" class=\"swiper-slide-image\" src=\"https:\/\/www.areaindustrialaltetontinyent.com\/wp-content\/plugins\/gaind\/public\/images\/ff729a38-3bf6-4065-9c42-f1a5ec288a13.png\" alt=\"\u00c1REA INDUSTRIAL L&#039;ALTET\" \/><\/figure><\/div><div class=\"swiper-slide\" role=\"group\" aria-roledescription=\"slide\" aria-label=\"9 of 9\"><figure class=\"swiper-slide-inner\"><img decoding=\"async\" class=\"swiper-slide-image\" src=\"https:\/\/www.areaindustrialaltetontinyent.com\/wp-content\/plugins\/gaind\/public\/images\/9dab9658-2cd0-4592-91e3-26fb06066a16.png\" alt=\"\u00c1REA INDUSTRIAL L&#039;ALTET\" \/><\/figure><\/div>            <\/div>\r\n                                                <div class=\"elementor-swiper-button elementor-swiper-button-prev\" role=\"button\" tabindex=\"0\">\r\n                        <svg aria-hidden=\"true\" class=\"e-font-icon-svg e-eicon-chevron-left\" viewBox=\"0 0 1000 1000\" xmlns=\"http:\/\/www.w3.org\/2000\/svg\"><path d=\"M646 125C629 125 613 133 604 142L308 442C296 454 292 471 292 487 292 504 296 521 308 533L604 854C617 867 629 875 646 875 663 875 679 871 692 858 704 846 713 829 713 812 713 796 708 779 692 767L438 487 692 225C700 217 708 204 708 187 708 171 704 154 692 142 675 129 663 125 646 125Z\"><\/path><\/svg>                    <\/div>\r\n                    <div class=\"elementor-swiper-button elementor-swiper-button-next\" role=\"button\" tabindex=\"0\">\r\n                        <svg aria-hidden=\"true\" class=\"e-font-icon-svg e-eicon-chevron-right\" viewBox=\"0 0 1000 1000\" xmlns=\"http:\/\/www.w3.org\/2000\/svg\"><path d=\"M696 533C708 521 713 504 713 487 713 471 708 454 696 446L400 146C388 133 375 125 354 125 338 125 325 129 313 142 300 154 292 171 292 187 292 204 296 221 308 233L563 492 304 771C292 783 288 800 288 817 288 833 296 850 308 863 321 871 338 875 354 875 371 875 388 867 400 854L696 533Z\"><\/path><\/svg>                    <\/div>\r\n                \r\n                                    <div class=\"swiper-pagination\"><\/div>\r\n                                    <\/div>\r\n        \t\t<\/div>\n\t\t\t\t<\/div>\n\t\t<div class=\"elementor-element elementor-element-0158184 e-flex e-con-boxed e-con e-child\" data-id=\"0158184\" data-element_type=\"container\">\n\t\t\t\t\t<div class=\"e-con-inner\">\n\t\t\t\t<div class=\"elementor-element elementor-element-4650a68 elementor-widget elementor-widget-gaind_poligon_main_title\" data-id=\"4650a68\" data-element_type=\"widget\" data-widget_type=\"gaind_poligon_main_title.default\">\n\t\t\t\t<div class=\"elementor-widget-container\">\n\t\t\t\r\n<div class=\"gaind_poligon_main\">\r\n    <div class=\"gaind_poligon_title\">\r\n                    <div class=\"gaind_poligon_title_value\"  id=\"prop_Nombre\"><h1>\u00c1REA INDUSTRIAL L'ALTET<\/h1><\/div>\r\n\r\n        \r\n    <\/div>\r\n<\/div>\t\t<\/div>\n\t\t\t\t<\/div>\n\t\t\t\t<div class=\"elementor-element elementor-element-0a32627 elementor-widget elementor-widget-gaind_poligon_main_logo\" data-id=\"0a32627\" data-element_type=\"widget\" data-widget_type=\"gaind_poligon_main_logo.default\">\n\t\t\t\t<div class=\"elementor-widget-container\">\n\t\t\t\r\n<div class=\"gaind_poligon_logo\">\r\n                        <a href=\"https:\/\/www.areaindustrialaltetontinyent.com\/\" class=\"poligon_logo_link\" target='_blank'  >\r\n        \r\n        <img decoding=\"async\" id=\"gaind_poligon_logo\" src=\"https:\/\/www.areaindustrialaltetontinyent.com\/wp-content\/plugins\/gaind\/public\/images\/9448617d-5b70-4c08-b862-c5d3b3f96e92.jpeg\"\r\n             alt=\"\u00c1REA INDUSTRIAL L'ALTET\"  width='224'  height='94'>\r\n                    <\/a>\r\n        \r\n<\/div>\r\n\t\t<\/div>\n\t\t\t\t<\/div>\n\t\t\t\t<div class=\"elementor-element elementor-element-f600a97 elementor-widget elementor-widget-gaind_poligon_ayuntamiento_title\" data-id=\"f600a97\" data-element_type=\"widget\" data-widget_type=\"gaind_poligon_ayuntamiento_title.default\">\n\t\t\t\t<div class=\"elementor-widget-container\">\n\t\t\t\r\n\r\n    <div class=\"gaind_ayundamiento_title\">\r\n                    <div class=\"gaind_ayundamiento_title_value\"  id=\"prop_ayuntamiento_Nombre\">AYUNTAMIENTO DE ONTINYENT<\/div>\r\n\r\n        \r\n    <\/div>\r\n\t\t<\/div>\n\t\t\t\t<\/div>\n\t\t\t\t<div class=\"elementor-element elementor-element-dc389bf elementor-widget elementor-widget-gaind_poligon_ayuntamiento_address\" data-id=\"dc389bf\" data-element_type=\"widget\" data-widget_type=\"gaind_poligon_ayuntamiento_address.default\">\n\t\t\t\t<div class=\"elementor-widget-container\">\n\t\t\t\r\n\r\n<div class=\"gaind_ayuntamiento_main_address\">\r\n\r\n            <span class=\"gaind_ayuntamiento_main_address_value\"\r\n              id=\"prop_ayundamiento_Direccion\">PLAZA AYUNTAMIENTO, 1<\/span>\r\n\r\n            <span class=\"gaind_ayuntamiento_main_address_value\"\r\n              id=\"prop_ayundamiento_CP\">46870<\/span>\r\n\r\n            <span class=\"gaind_ayuntamiento_main_address_value\"\r\n              id=\"prop_ayundamiento_Poblacion\">ONTINYENT <\/span>\r\n\r\n            <span class=\"gaind_ayuntamiento_main_address_value\"\r\n              id=\"prop_ayundamiento_IdComarca\">La Vall d'Albaida<\/span>\r\n\r\n            <span class=\"gaind_ayuntamiento_main_address_value\"\r\n              id=\"prop_ayundamiento_IdProvincia\">ALICANTE<\/span>\r\n\r\n            <span class=\"gaind_ayuntamiento_main_address_value\"\r\n              id=\"prop_ayundamiento_IdPais\">Espa\u00f1a<\/span>\r\n\r\n    \r\n<\/div>\r\n\t\t<\/div>\n\t\t\t\t<\/div>\n\t\t\t\t<div class=\"elementor-element elementor-element-b50cb3f elementor-widget elementor-widget-gaind_ayuntamiento_main_info\" data-id=\"b50cb3f\" data-element_type=\"widget\" data-widget_type=\"gaind_ayuntamiento_main_info.default\">\n\t\t\t\t<div class=\"elementor-widget-container\">\n\t\t\t\r\n<div class=\"gaind_ayuntamiento_info\">\r\n            <div class=\"gaind_ayuntamiento_title_value\"\r\n             id=\"prop_ayuntamiento_Telefono\">96 291 82 00<\/div>\r\n\r\n            <div class=\"gaind_ayuntamiento_title_value\"\r\n             id=\"prop_ayuntamiento_Mail\">ajuntament@ontinyent.es<\/div>\r\n\r\n            <div class=\"gaind_ayuntamiento_title_value\"\r\n             id=\"prop_ayuntamiento_Web\">https:\/\/www.ontinyent.es\/es<\/div>\r\n\r\n    \r\n<\/div>\r\n\t\t<\/div>\n\t\t\t\t<\/div>\n\t\t\t\t<div class=\"elementor-element elementor-element-0222f70 elementor-widget elementor-widget-gaind_poligon_map_simple\" data-id=\"0222f70\" data-element_type=\"widget\" data-widget_type=\"gaind_poligon_map_simple.default\">\n\t\t\t\t<div class=\"elementor-widget-container\">\n\t\t\t\r\n<div class=\"gaind_poligon_map\">\r\n    <div id=\"poligon_map\" style=\"height:400px\"><\/div>\r\n<\/div>\r\n\r\n\r\n<script type=\"text\/javascript\">\r\n\r\n    var currentInfoWindow = null;\r\n    var currentInfoWindowParcel = null;\r\n    var infowWindows = [];\r\n    var map;\r\n\r\n\r\n    function openInfowIndowMarker(infowindow) {\r\n        if (currentInfoWindowParcel != null) currentInfoWindowParcel.close();\r\n        currentInfoWindowParcel = infowindow;\r\n        infowindow.open(map);\r\n    }\r\n\r\n    function initMap() {\r\n                map = new google.maps.Map(document.getElementById(\"poligon_map\"), {\r\n            zoom: 7,\r\n            center: {\r\n                lat: 38.860897554048,\r\n                lng: -0.58500059004561 },\r\n            mapTypeId: \"terrain\",\r\n        });\r\n        const marker_poligon = new google.maps.Marker({\r\n            position: new google.maps.LatLng(38.860897554048, -0.58500059004561),\r\n            icon: {\r\n                url: 'https:\/\/www.areaindustrialaltetontinyent.com\/wp-content\/plugins\/gaind\/public\/img\/fabrica.png',\r\n                size: new google.maps.Size(32, 32),\r\n                scaledSize: new google.maps.Size(32, 32)\r\n            },\r\n            map: map\r\n        });\r\n        var infowindow_poligon = new google.maps.InfoWindow({\r\n            content: '<div class=\"gaind_poligon_marker\">' +\r\n                '<h6 class=\"reference\">\u00c1REA INDUSTRIAL L\\'ALTET<\/h6>' +\r\n                '<div class=\"address\"><\/div>' +\r\n                '<div class=\"address2\"><\/div>' +\r\n                '<div class=\"address3\"><\/div>' +\r\n                '<div class=\"address4\"><\/div>' +\r\n                '<div class=\"address5\"><\/div>' +\r\n                '<\/div>'\r\n        });\r\n        marker_poligon.addListener('click', () => {\r\n            infowindow_poligon.open({\r\n                anchor: marker_poligon,\r\n                map,\r\n            });\r\n        });\r\n            }\r\n\r\n    window.initMap = initMap;\r\n\r\n\r\n<\/script>\r\n<script\r\n        src=\"https:\/\/maps.googleapis.com\/maps\/api\/js?key=AIzaSyB6YHVXxQvtaFe_aSw8D6cxUH9bhemD0Vo&callback=initMap&v=weekly\"\r\n        defer\r\n><\/script>\r\n\t\t<\/div>\n\t\t\t\t<\/div>\n\t\t\t\t<div class=\"elementor-element elementor-element-71abcc3 elementor-widget elementor-widget-gaind_poligon_main_address\" data-id=\"71abcc3\" data-element_type=\"widget\" data-widget_type=\"gaind_poligon_main_address.default\">\n\t\t\t\t<div class=\"elementor-widget-container\">\n\t\t\t<div class=\"gaind_poligon_main\">\r\n\r\n    <div class=\"gaind_poligon_main_address\">\r\n\r\n                    <span class=\"gaind_poligon_main_address_value\" id=\"prop_IdPais\">Espa\u00f1a<\/span>\r\n\r\n        \r\n    <\/div>\r\n<\/div>\t\t<\/div>\n\t\t\t\t<\/div>\n\t\t\t\t<div class=\"elementor-element elementor-element-1d6a23d elementor-widget elementor-widget-gaind_poligon_main_info\" data-id=\"1d6a23d\" data-element_type=\"widget\" data-widget_type=\"gaind_poligon_main_info.default\">\n\t\t\t\t<div class=\"elementor-widget-container\">\n\t\t\t<div class=\"gaind_poligon_main\">\r\n    <div class=\"gaind_poligon_info\">\r\n        \r\n    <\/div>\r\n<\/div>\t\t<\/div>\n\t\t\t\t<\/div>\n\t\t\t\t<div class=\"elementor-element elementor-element-5d5f57d elementor-widget elementor-widget-gaind_poligon_data_data\" data-id=\"5d5f57d\" data-element_type=\"widget\" data-widget_type=\"gaind_poligon_data_data.default\">\n\t\t\t\t<div class=\"elementor-widget-container\">\n\t\t\t<div class=\"gaind_poligon_data\">\r\n    <div class=\"gaind_poligon_head\">Datos<\/div>    <div class=\"gaind_poligon_data_content\">\r\n\r\n                    <div class=\"gaind_poligon_data_content_row\" id=\"prop_AsociacionEmp\">\r\n                <div class=\"gaind_poligon_data_content_row_label\">Existeix una associaci\u00f3\/entitat<\/div>\r\n                <div class=\"gaind_poligon_data_content_row_value\">No<\/div>\r\n            <\/div>\r\n                    <div class=\"gaind_poligon_data_content_row\" id=\"prop_NumEmpresasSW\">\r\n                <div class=\"gaind_poligon_data_content_row_label\">N\u00fam. d'empreses SW ITech<\/div>\r\n                <div class=\"gaind_poligon_data_content_row_value\">47<\/div>\r\n            <\/div>\r\n                    <div class=\"gaind_poligon_data_content_row\" id=\"prop_NumParcelasSW\">\r\n                <div class=\"gaind_poligon_data_content_row_label\">Nombre de parcel\u00b7les SW ITech<\/div>\r\n                <div class=\"gaind_poligon_data_content_row_value\">132<\/div>\r\n            <\/div>\r\n                    <div class=\"gaind_poligon_data_content_row\" id=\"prop_SupIndustrialSW\">\r\n                <div class=\"gaind_poligon_data_content_row_label\">Sup. Total SW ITech <\/div>\r\n                <div class=\"gaind_poligon_data_content_row_value\">218.405<\/div>\r\n            <\/div>\r\n                    <div class=\"gaind_poligon_data_content_row\" id=\"prop_SupIndustrial\">\r\n                <div class=\"gaind_poligon_data_content_row_label\">Informaci\u00f3 industrial superior <\/div>\r\n                <div class=\"gaind_poligon_data_content_row_value\">0<\/div>\r\n            <\/div>\r\n                    <div class=\"gaind_poligon_data_content_row\" id=\"prop_SupTerciario\">\r\n                <div class=\"gaind_poligon_data_content_row_label\">Sup. terciari informat <\/div>\r\n                <div class=\"gaind_poligon_data_content_row_value\">0<\/div>\r\n            <\/div>\r\n                    <div class=\"gaind_poligon_data_content_row\" id=\"prop_SupDotacional\">\r\n                <div class=\"gaind_poligon_data_content_row_label\">Informaci\u00f3 dotacional superior <\/div>\r\n                <div class=\"gaind_poligon_data_content_row_value\">0<\/div>\r\n            <\/div>\r\n                    <div class=\"gaind_poligon_data_content_row\" id=\"prop_ZonaVerde\">\r\n                <div class=\"gaind_poligon_data_content_row_label\">Zona verda informada<\/div>\r\n                <div class=\"gaind_poligon_data_content_row_value\">0<\/div>\r\n            <\/div>\r\n                    <div class=\"gaind_poligon_data_content_row\" id=\"prop_SupTotal\">\r\n                <div class=\"gaind_poligon_data_content_row_label\">Informaci\u00f3 total superior <\/div>\r\n                <div class=\"gaind_poligon_data_content_row_value\">0<\/div>\r\n            <\/div>\r\n                    <div class=\"gaind_poligon_data_content_row\" id=\"prop_NoSupLogistica\">\r\n                <div class=\"gaind_poligon_data_content_row_label\">Naves no ocupadas<\/div>\r\n                <div class=\"gaind_poligon_data_content_row_value\">9<\/div>\r\n            <\/div>\r\n        \r\n    <\/div>\r\n<\/div>\t\t<\/div>\n\t\t\t\t<\/div>\n\t\t\t\t<div class=\"elementor-element elementor-element-863be2c elementor-widget elementor-widget-gaind_poligon_data_specs\" data-id=\"863be2c\" data-element_type=\"widget\" data-widget_type=\"gaind_poligon_data_specs.default\">\n\t\t\t\t<div class=\"elementor-widget-container\">\n\t\t\t<div class=\"gaind_poligon_data gaind_poligon_data_specs\">\r\n    <div class=\"gaind_poligon_head\">Caracter\u00edsticas<\/div>    <div class=\"gaind_poligon_data_content\">\r\n\r\n                    <div class=\"gaind_poligon_data_content_row\" id=\"prop_GestionResiduos\">\r\n                <div class=\"gaind_poligon_data_content_row_label\">Gesti\u00f3 de residus<\/div>\r\n                <div class=\"gaind_poligon_data_content_row_value\">No<\/div>\r\n            <\/div>\r\n                    <div class=\"gaind_poligon_data_content_row\" id=\"prop_Gas\">\r\n                <div class=\"gaind_poligon_data_content_row_label\">Gas<\/div>\r\n                <div class=\"gaind_poligon_data_content_row_value\">No<\/div>\r\n            <\/div>\r\n                    <div class=\"gaind_poligon_data_content_row\" id=\"prop_Vigilancia\">\r\n                <div class=\"gaind_poligon_data_content_row_label\">Vigil\u00e0ncia<\/div>\r\n                <div class=\"gaind_poligon_data_content_row_value\">No<\/div>\r\n            <\/div>\r\n                    <div class=\"gaind_poligon_data_content_row\" id=\"prop_Depuradora\">\r\n                <div class=\"gaind_poligon_data_content_row_label\">Depuradora d'aigua<\/div>\r\n                <div class=\"gaind_poligon_data_content_row_value\">No<\/div>\r\n            <\/div>\r\n                    <div class=\"gaind_poligon_data_content_row\" id=\"prop_ADSL\">\r\n                <div class=\"gaind_poligon_data_content_row_label\">ADSL<\/div>\r\n                <div class=\"gaind_poligon_data_content_row_value\">No<\/div>\r\n            <\/div>\r\n                    <div class=\"gaind_poligon_data_content_row\" id=\"prop_FibraOptica\">\r\n                <div class=\"gaind_poligon_data_content_row_label\">Fibra \u00f2ptica<\/div>\r\n                <div class=\"gaind_poligon_data_content_row_value\">No<\/div>\r\n            <\/div>\r\n                    <div class=\"gaind_poligon_data_content_row\" id=\"prop_SuministroBaja\">\r\n                <div class=\"gaind_poligon_data_content_row_label\">Subministrament el\u00e8ctric de baixa<\/div>\r\n                <div class=\"gaind_poligon_data_content_row_value\">No<\/div>\r\n            <\/div>\r\n                    <div class=\"gaind_poligon_data_content_row\" id=\"prop_SuministroMedia\">\r\n                <div class=\"gaind_poligon_data_content_row_label\">Subministrament de mitjans el\u00e8ctrics<\/div>\r\n                <div class=\"gaind_poligon_data_content_row_value\">No<\/div>\r\n            <\/div>\r\n                    <div class=\"gaind_poligon_data_content_row\" id=\"prop_SuministroAlta\">\r\n                <div class=\"gaind_poligon_data_content_row_label\">Subministrament el\u00e8ctric d'alta qualitat<\/div>\r\n                <div class=\"gaind_poligon_data_content_row_value\">No<\/div>\r\n            <\/div>\r\n                    <div class=\"gaind_poligon_data_content_row\" id=\"prop_SubestacionPropia\">\r\n                <div class=\"gaind_poligon_data_content_row_label\">Subestaci\u00f3 pr\u00f2pia<\/div>\r\n                <div class=\"gaind_poligon_data_content_row_value\">No<\/div>\r\n            <\/div>\r\n                    <div class=\"gaind_poligon_data_content_row\" id=\"prop_EmergenciaArea\">\r\n                <div class=\"gaind_poligon_data_content_row_label\">Pla d'emerg\u00e8ncia<\/div>\r\n                <div class=\"gaind_poligon_data_content_row_value\">No<\/div>\r\n            <\/div>\r\n                    <div class=\"gaind_poligon_data_content_row\" id=\"prop_Movilidad\">\r\n                <div class=\"gaind_poligon_data_content_row_label\">Pla de mobilitat<\/div>\r\n                <div class=\"gaind_poligon_data_content_row_value\">No<\/div>\r\n            <\/div>\r\n        \r\n    <\/div>\r\n<\/div>\t\t<\/div>\n\t\t\t\t<\/div>\n\t\t\t\t<div class=\"elementor-element elementor-element-afc2548 elementor-widget elementor-widget-gaind_poligon_data_accesibility\" data-id=\"afc2548\" data-element_type=\"widget\" data-widget_type=\"gaind_poligon_data_accesibility.default\">\n\t\t\t\t<div class=\"elementor-widget-container\">\n\t\t\t<div class=\"gaind_poligon_data gaind_poligon_data_accesibility\">\r\n    <div class=\"gaind_poligon_head\">Accesibilidad<\/div>    <div class=\"gaind_poligon_data_content\">\r\n\r\n        \r\n    <\/div>\r\n<\/div>\t\t<\/div>\n\t\t\t\t<\/div>\n\t\t\t\t\t<\/div>\n\t\t\t\t<\/div>\n\t\t\t\t\t<\/div>\n\t\t\t\t<\/div>\n\t\t\t\t<\/div>\n\t\t","protected":false},"excerpt":{"rendered":"<p>Juan Carlos I AYUNTAMIENTO DE ALMUSSAFES PASSEIG DEL PARC, S\/N 46440 ALMUSSAFES VALENCIA Espa\u00f1a 961782050 almussafes_alcalde@gva.es https:\/\/almussafes.net Calle Major 25 46440 Almussafes Almusafes Ribera Baja VALENCIA Espa\u00f1a 633761977 gerencia@gaindustriales.com www.egmjuancarlosi.org Datos Existe asociaci\u00f3n empresarial S\u00ed Nombre asociaci\u00f3n empresarial EGM JUAN CARLOS I Calificaci\u00f3n IVACE Avanzada N\u00b0 empresas IVACE 130 N\u00b0 empresas SW GAIN 181 N\u00ba&hellip;&nbsp;<a href=\"https:\/\/www.areaindustrialaltetontinyent.com\/val\/pagina-poligon\/\" rel=\"bookmark\">Read More &raquo;<span class=\"screen-reader-text\">P\u00e0gina pol\u00edgon<\/span><\/a><\/p>\n","protected":false},"author":1,"featured_media":0,"parent":0,"menu_order":0,"comment_status":"closed","ping_status":"open","template":"elementor_header_footer","meta":{"neve_meta_sidebar":"","neve_meta_container":"","neve_meta_enable_content_width":"","neve_meta_content_width":0,"neve_meta_title_alignment":"","neve_meta_author_avatar":"","neve_post_elements_order":"","neve_meta_disable_header":"","neve_meta_disable_footer":"","neve_meta_disable_title":"","footnotes":""},"class_list":["post-693","page","type-page","status-publish","hentry"],"_links":{"self":[{"href":"https:\/\/www.areaindustrialaltetontinyent.com\/val\/wp-json\/wp\/v2\/pages\/693","targetHints":{"allow":["GET"]}}],"collection":[{"href":"https:\/\/www.areaindustrialaltetontinyent.com\/val\/wp-json\/wp\/v2\/pages"}],"about":[{"href":"https:\/\/www.areaindustrialaltetontinyent.com\/val\/wp-json\/wp\/v2\/types\/page"}],"author":[{"embeddable":true,"href":"https:\/\/www.areaindustrialaltetontinyent.com\/val\/wp-json\/wp\/v2\/users\/1"}],"replies":[{"embeddable":true,"href":"https:\/\/www.areaindustrialaltetontinyent.com\/val\/wp-json\/wp\/v2\/comments?post=693"}],"version-history":[{"count":3,"href":"https:\/\/www.areaindustrialaltetontinyent.com\/val\/wp-json\/wp\/v2\/pages\/693\/revisions"}],"predecessor-version":[{"id":696,"href":"https:\/\/www.areaindustrialaltetontinyent.com\/val\/wp-json\/wp\/v2\/pages\/693\/revisions\/696"}],"wp:attachment":[{"href":"https:\/\/www.areaindustrialaltetontinyent.com\/val\/wp-json\/wp\/v2\/media?parent=693"}],"curies":[{"name":"wp","href":"https:\/\/api.w.org\/{rel}","templated":true}]}}